?
28
14 - ((-24 - -46) + 29 + -14)
-23
What is the value of 11 + -15 + 26 - 65 - 21?
-64
Evaluate -117 - -96 - (-3 + -1 + 18).
-35
Evaluate (66 - 60) + 4 + -9 - 8.
-7
Calculate 14 - (2 + -34 + (-255 - -276)).
25
-43 + 12 + -3 + (-18 - 3)
-55
Calculate (55 - -75) + -82 - 143.
-95
Evaluate 20 - 61 - (10 + -12).
-39
What is 6 + (-26 - -6) + 13?
-1
What is (0 + 21 - 10) + -10 - -1 - -65?
67
12 - 0 - (77 + -11 + -18)
-36
Evaluate -1 - 25 - -17 - 3.
-12
107 + -4 + -514 + 476
65
Evaluate -135 - (-62 - -210 - 409).
126
Calculate 6 + -6 + 9 + 10 + -10 + (-88 - 7).
-86
What is -2 - 10 - (9 - (65 + -32) - 28)?
40
94 - ((483 - 477) + 1 + (0 - -13))
74
Calculate (89 - -2) + (-437 - -430) - (13 + (-6 - -6)).
71
(-53 + 66 - 22) + ((3 - 5) + -35 - 0)
-46
-14 + (-30 - -108) + -26
38
What is the value of -13319 - -13352 - (10 + -1)?
24
Calculate -35 - (4 + -1 - -1 - (-77 - -90)).
-26
What is (18 - (-24 + 0 - -32)) + -5?
5
Calculate -24 + -7 + 31 + 27 - 24.
3
What is the value of 7 + (-14 - 14) - (-8 - 0)?
-13
Evaluate -105 + (101 - 62) + 196.
130
0 + -2 + 6 + (32 + (-25 - -25) - -26)
62
Calculate (1 - -2 - 1) + 9 + (-46 - -37) - -2.
4
25 + (46 - (29 + 60))
-18
140 + -112 + 45 + 32
105
Calculate 1 + (-57 + 67 - (1 + -3 - -42)).
-29
10 + (33 - (125 - 1)) - (7 - 0)
-88
Evaluate (39 - -20) + -46 + (32 - -3).
48
Evaluate (-57 + (17 - -7) - -20) + 23.
10
2 + 5 - -13 - (1 - -3)
16
-14 - (-45 - (-71 + 56))
16
What is the value of -2 - -18 - (111 + (-131 - -41))?
-5
Calculate 49 + (-4 - -10) + (-15 + 9 - 13).
36
Calculate -6 - (20 - (86 - 43) - -23).
-6
Calculate -6 + ((0 - (-94 + -6)) + (-8 - -2) - -6).
94
(9 - 9 - 0 - 17) + 41
24
What is 6 - 4 - 0 - (875 - 902)?
29
What is the value of -2506 + 2445 + (0 - -119)?
58
What is the value of 232 + -194 + (28 - 27 - (0 - (1 - -13)))?
53
Evaluate (-9 - 29) + (59 + -35 - 22).
-36
Calculate 48 - (55 + -74 + 52).
15
What is 19 + (102 + -98 - -7)?
30
Calculate 5 + 21 - 1 - -2.
27
What is the value of (6 - 8) + (-24 - ((0 - 8) + -11))?
-7
What is (-697 - -609) + 49 + 0?
-39
Calculate (34 - 6 - (25 + -26)) + -33.
-4
What is (-216 + 214 - (11 - -2)) + -16?
-31
Evaluate -211 + 255 + 85 + -200.
-71
-6 + ((-3 - -4) + -23 + 30 - -48)
50
Evaluate 10 + (-7 - -11) + -8 + 6 + -10.
2
Evaluate -61 + (-4 - (29 - 68)).
-26
Calculate -2 + 1 - -10 - (9 + 11 - 1).
-10
14 + (-8 - 19) + (-10 - (3 + 29))
-55
What is the value of (34 - (-53 - -73)) + -28?
-14
What is 14 + 7 + -18 + 8 - (-21 - -12 - -95)?
-75
40 + (30 - (8 + -17) - -2)
81
What is the value of (-1136 - -1235) + (0 - -22) + 0 + 1 + -13?
109
Evaluate 18 + 2 + -2 - (-103 - -94).
27
Evaluate -1125 - -975 - (-50 + (-2 - -7)).
-105
Evaluate 15 + 1 + -1 - ((-84 - -135) + 4).
-40
Calculate 50 + (28 + -15 + -12 - (-1 - -3)) + 6.
55
Calculate -25 - (4 + (-47 - -21 - 3)).
0
What is -53 + 52 + 1 + 0 + 6 + (71 - 80)?
-3
Calculate 32 + (-56 + 17 - -20) + 89.
102
What is -34 + 14 + (-46 - -58)?
-8
Calculate 42 + -139 + (48 - 29) - (1 + -8).
-71
Calculate -240 + 179 - (-2 + 11) - (-3 + 1 - -7).
-75
What is 25 + -13 - 55 - (-50 + (56 - 24))?
-25
Calculate -19 + -15 + 2 + 1 + 65 + -52.
-18
(-75 + 34 - -17) + 3
-21
What is 11 + (-26 - 11) - 20 - -3?
-43
-1 + (-67 - -9) + -17 + 22 + -16
-70
1 + -159 - (-41 - (41 + -85)) - -25
-136
(-13 - 0) + 0 + 10 - -15
12
Evaluate 18 + (61 - 90 - 32).
-43
(11 + -1 - (7 + -3)) + (111 - (83 - 40))
74
What is 2 + 1 - (-11 + (-19 - -25)) - (21 + -4)?
-9
-16 - -7 - (-32 + 33) - 11
-21
Calculate -75 - (29 + (-22 - -3) + -25).
-60
What is the value of (24 - 36 - -16) + (-64 - 3 - 8) + 7?
-64
Evaluate 206 + -143 + (9 - 41) + 91.
122
-462 + 486 + -9 + 9
24
(31 + 22 + (-43 - -23) - 23) + 73
83
11 + (41 - (49 - 50)) + -32
21
-78 + -88 + 31 + 21
-114
Calculate (0 - -3) + (453 - 439) - (2 + -23).
38
What is -1 + -8 + 17 - ((70 - 39) + -92)?
69
Calculate -3 + -1 - (-1 - -5 - -7 - (54 - 45)).
-6
What is the value of (-15 - (-20 + 46)) + (2 - (-6 - (2 + -1)))?
-32
What is (-17 - (-12 + (-7 - -3) + 10)) + -25?
-36
Evaluate (-2 + 25 - (114 + -64)) + -9.
-36
What is 109 - (-61 + 24 + (-8 - -18))?
136
What is the value of -8 + 95 - ((0 - -6 - (-68 - -95)) + 11)?
97
What is -77 - (-957 - -958 - (-14 + 10 - (0 - -3)))?
-85
What is -10 - (11 + -36 - 2 - (-12 + 3 + -1))?
7
What is the value of -16 - ((-26 - -11) + 19 + -21) - -13?
14
Calculate 46 + (-45 - -58) + (-4 + -1 - 6).
48
What is 0 - 18 - ((-280 - -341) + 36 + -6)?
-109
What is 54 + -133 - -54 - -30 - (-16 + (0 - 2))?
23
What is -182 + 218 + -49 + 4?
-9
Calculate 51 + (81 - 52) + -68.
12
What is the value of 52 + -47 - 21 - (-2 + 2 + 9)?
-25
Calculate 100 - (-7 + 9 - -2 - (2 + -14 + 4)).
88
Evaluate 3 + -2 + -2 + (17 - 9 - (-33 + -4)).
44
What is the value of -3 + 10 + -77 + 90 + (0 - 11)?
9
15 - ((9 - 17) + 11) - 53
-41
Calculate -6 + (-15 - -15) + 9 + (10 - 66).
-53
(134 - 54) + -58 + 109
131
What is -10 - -4 - (-10 + (16 - 11)) - (22 + -7)?
-16
What is -1 + 32 + 20 + 3 + -25?
29
What is the value of 11 + -2 + 1 + 11 - (-6 + 47)?
-20
Calculate -12 - (-11 - 8 - (-4 + -36)).
-33
-6 + 0 - (15 - 14 - -3) - (-98 - -106)
-18
What is 352 + -303 + -72 + 3?
-20
Calculate (6 - 16 - -9) + (12 - (0 + -8)).
19
11 + -74 + (-5 + 3 - ((1 - 4) + -4))
-58
What is (10 + (-12 - -1) - (4 - 3)) + -2 - 30?
-34
What is the value of 0 - 100 - (-119 + (70 - -65)) - -1?
-115
What is (-7 - -27) + (22 - 25)?
17
68 + (-64 - -47) + -6 + 40
85
What is 25 + (-11 - -5) + 12 + 10 + 2?
43
Calculate 6 - -4 - 35 - -3 - (4 + 0).
-26
-12 - 0 - -31 - 34 - -20
5
What is 42 - (-13 + 0 - -80)?
-25
What is -31 + (7 - (23 - (-1 - -20 - 11))) - 8?
-47
What is -37 + (-13 - -5 - (-16 + (-4 - 1)))?
-24
75 + -92 + -60 + 73
-4
Evaluate -49 + -3 + (-88 - (-58 + 13)).
-95
(26 + -104 - -31) + (-8 - 2)
-57
What is 7 + -12 - (6 - 28)?
17
180 + -178 + 3 + 13 - 0
18
What is 8 - (3 + -20 + 22 + -9) - (-115 - 0)?
127
What is the value of 65 + 16 - (-128 - -98) - 16?
95
What is the value of -20 + -67 - (-49 + -16 + 31)?
-53
What is -91 + (290 - 132) + 68?
135
(90 - 126) + -3 + 2
-37
What is 0 + -73 + 9 - -128?
64
(-17 - (53 - 39)) + 24 + (2 - 38)
-43
Calculate (36 - (-19 - -49)) + (6 - (-1 - 3)).
16
Evaluate -12 + (92 + (5 - 4) - (39 + -39)).
81
Calculate 310 + -280 - (-5 - (37 - 10)).
62
Calculate -56 + 72 + -69 + (-8 - 14).
-75
What is the value of -447 + 349 - (-131 - 15)?
48
Evaluate -3 + (-72 - -61 - -24).
10
What is the value of 1 + 60 - (50 - (66 + (-9 - 28)))?
40
-30 + (-44 - -86) - -43
55
What is -1 - ((17 - 14) + -8 + 11)?
-7
What is the value of -51 + -10 + (6 - (5 + -4)) + (-7 - -7)?
-56
What is the value of (-39 - -5) + -13 + 22 + -11 + -10?
-46
5 - (20 - 37 - 35)
57
(23 - -10) + -34 - (-5 + -5)
9
What is (-7 - -26) + (-10 - -2 - (-75 - -55))?
31
(7 - (-3 + 7 - 8 - -13)) + 27 + -4
21
Evaluate -8 + (25 - 31) - -26 - 67.
-55
Evaluate (-12 + 5 + -1 - 1 - -15) + 20.
26
Evaluate 38 - (10 + -18) - (12 - 5 - 4).
43
Calculate (-2 - -17) + 1 + (57 - (190 - 10)).
-107
Calculate -177 + 219 + (-51 - 10).
-19
What is -1260 + 1257 - ((2 - 1) + 31) - (-1 - -7)?
-41
What is -2 + 6 + -234 + 228 - (5 + 13)?
-20
What is -72 + 21 - 3 - (11 - 29 - -10)?
-46
Evaluate (5 + -27 - -21) + 77 - 21.
55
Calculate -5 - (16 + -16 + -28) - 85.
-62
Evaluate 1190 + -1173 - (-3 - -47).
-27
49 + -48 + 62 - 42
21
Evaluate -150 + (100 - 87 - -183).
46
Calculate 11 + 1 + 309 + -203.
118
Evaluate 100 - (-113 - (-38 - 76)).
99
(15 - (25 + 3 - -1)) + 0
-14
What is 106 - (118 - -35) - (-19 - -3)?
-31
(1257 - 1199) + (-12 - 0) + -1
45
What is the value of 20 + 3 + 2 + (49 - 49) + 3 + -9?
19
Evaluate 39 - 53 - 24 - ((2 - -3) + -2).
-41
35 - (25 + (16 - (23 - 39)))
-22
117 + 1 - (2 - (-11 + 18) - 2)
125
What is 53 + -88 + 12 + -23?
-46
Calculate 47 - (7 - (6 + 2 + (103 - 106))).
45
Calculate (-48 - (2 - (-5 + 8)) - -11) + 11.
-25
Calculate 64 - (-219 + 105 + 147).
31
-133 + 159 + (3 - 63) - -58
24
66 + 57 - 222 - 12
-111
What is -98 - (-183 + 194 + -52)?
-57
Calculate (-14 - 1) + -41 + 92 + 17 - 13.
40
(3 + -7 - 4) + (-45 - -17) + -20 + 1
-55
Calculate (-108 - (-61 + 5)) + 102.
50
-10 + 83 + (-8 - ((-17 - -9) + 4) - 7)
62
Evaluate -80 - (-20 + (6 - (1 + 4))).
-61
1 + (-165 - -178) + (3 - -4 - 1)
20
What is (-14 + 34 - 11) + 4?
13
Calculate (35 - 37 - (-12 + -11)) + 105 + 3.
129
What is the value of 4 + (-2 - 0) - (413 - 3